 5/12*f**4 + 3*f + 0 - 1/3*f**3 + 1/20*f**5. What are the prime factors of d(-5)?
3
Let j = -17 - -4. Let y = 7 + j. What are the prime factors of 4/y + 87/9?
3
Suppose 5*u + 6 = 3*u + 4*o, -7 = -3*u - 2*o. Suppose -k + 4*v + 8 + u = 0, 4*k = 4*v + 24. What are the prime factors of k?
5
Suppose 0 = m - 2*o - 110, 0 = 3*m + 2*o + 232 - 602. What are the prime factors of m?
2, 3, 5
Suppose 3*w - 6 = -3. Suppose 4*h - 15 = a, 2*a - 1 = w. What are the prime factors of h?
2
Suppose 3*p + 4*s = -16, -4*s = -8*s - 4. Let k be 11 - -3*1/(-3). List the prime factors of p/k + (-291)/(-15).
19
Let i(f) = -43*f**3 - f**2 + f + 2. What are the prime factors of i(-1)?
43
Suppose 0*i + 22 = 3*i - l, -i = 2*l + 2. Suppose -4*a + 97 = -8*a - t, 50 = -2*a - 2*t. What are the prime factors of 2/i - a/9?
3
Suppose -q + 5*r + 66 = 0, -3*r + 0*r = 0. List the prime factors of q.
2, 3, 11
Let q(t) = -6*t**3 - t - 1. Let m be q(-1). Let u(j) = 7*j - 8. Let a(y) = -8*y + 9. Let r(h) = m*u(h) + 5*a(h). List the prime factors of r(4).
5
Let k(n) = -10*n**2 + 2. Let p(i) = -3*i**2 + 1. Let w(y) = 2*k(y) - 7*p(y). Suppose -7 = -4*q - 4*f + 1, 5 = -5*f. What are the prime factors of w(q)?
2, 3
Suppose 0*u - 2*u = 0. Let z = 3 + u. Suppose 0 = -0*f + z*f - 27. What are the prime factors of f?
3
What are the prime factors of (-2)/(-6) + 767/39?
2, 5
Suppose -5*t - 2*q + 4*q + 37 = 0, 2*t - 15 = q. Suppose 3 = x - t. Suppose -x = -5*n + 4*n. What are the prime factors of n?
2, 5
Let s(v) = -v**3 - 6*v**2 + 7*v - 2. Let j be s(-7). Let a = 4 - j. What are the prime factors of a?
2, 3
Let k = -294 + 433. List the prime factors of k.
139
Let j(t) = -t**2 + t + 3. Let b be j(0). What are the prime factors of b + -2 + 18 + -1?
2, 3
Suppose 5*y - 435 = -4*k, -245 = -2*k + 4*y - y. List the prime factors of k.
5, 23
Let t be ((-8)/10 + 0)*5. Let m = -4 - t. Suppose 0 = -5*v - m*b + 2*b + 35, -4*b - 28 = -4*v. List the prime factors of v.
7
Let f = 221 + -157. List the prime factors of f.
2
Let f = -164 + 176. List the prime factors of f.
2, 3
Let l(m) = 9*m + 2*m**2 + 14 - 3*m**2 + 0*m**2. What are the prime factors of l(10)?
2
Suppose 6*u - 81 = -21. What are the prime factors of u?
2, 5
Let r(q) = 4*q**3 - 2*q**2 - 2*q + 1. Let c be r(2). Let d = c + -16. List the prime factors of d.
5
Let p(j) = -j + 14. Let w be 2/7 + 235/35. What are the prime factors of p(w)?
7
Let p(l) = -2*l**2 - l. Let b be p(1). List the prime factors of 0 + b - -3 - -26.
2, 13
Let f(r) be the first derivative of r**6/40 - r**4/24 - r**3/3 - 1. Let u(b) be the third derivative of f(b). List the prime factors of u(-1).
2
Let d be (8/40)/((-2)/(-10)). Let u be 28*(3 + -4)*d. List the prime factors of ((-12)/(-14))/((-4)/u).
2, 3
Suppose 20*j + 7*j - 3915 = 0. List the prime factors of j.
5, 29
Suppose 2*f - 380 = 4*f + 3*z, 0 = -4*z. Let v be (-4)/18 - f/45. Let k = v + 0. What are the prime factors of k?
2
Suppose 75 = 4*n - 437. Suppose -b - 3*b + n = -k, 0 = 2*b - k - 66. List the prime factors of b.
31
Let j(x) = -x**3 + 7*x**2 + x - 4. Let q be j(5). Suppose -137 = -5*m - 2*i, 4*i + 20 - q = -m. What are the prime factors of m?
3
Suppose 0*w - 4*w = -4*o + 20, o + 3 = 3*w. Let q(n) = n**3 - 8*n**2 - 9*n + 11. List the prime factors of q(o).
11
Suppose -12*p = 4*p - 2672. List the prime factors of p.
167
Let g(n) = n + 5. Let h be g(-8). Let c be ((-1)/(-1))/(-1) + h. Let w = c - -14. What are the prime factors of w?
2, 5
Let c(t) = -9*t - 19. What are the prime factors of c(-13)?
2, 7
Suppose -3*q = -3*a + 501, 3*a - 3*q - q = 503. List the prime factors of a.
3, 5, 11
Suppose -x + 28 = x. Suppose 4*j = x + 50. What are the prime factors of j?
2
Suppose -2*s + 16 = -8. Let i = s - -2. List the prime factors of i.
2, 7
Let u(c) = c**2 - 5*c + 5. Suppose 22 - 7 = 3*w. What are the prime factors of u(w)?
5
Suppose -4*p - 5*v + 270 = 0, -3*p + 0*v - 2*v + 199 = 0. What are the prime factors of p?
5, 13
Let v = 1 + 0. Let w be (v/(-2))/((-1)/12). Suppose w*u - 25 = u. List the prime factors of u.
5
Let z(v) = v**2 + 9*v + 16. What are the prime factors of z(-9)?
2
Suppose 5*p - 1 + 11 = 4*c, 0 = c - 3*p + 1. Suppose 1 = 3*b - c. Suppose -b*r = -5*r + 30. What are the prime factors of r?
2, 5
Let j(o) = -4*o + 8. Let g be j(8). Let v = g - -44. List the prime factors of v.
2, 5
Suppose -3*g - 75 = 2*g - 3*q, 0 = -q. What are the prime factors of (-115)/g - 4/6?
7
List the prime factors of 5*(3 + 3 + 0).
2, 3, 5
Let u(j) = -j**2 - 1. Let w be u(-1). Let g = w + 3. Suppose 3*c = -2*k + 7, 0 = -k - 2*c + 3 - g. What are the prime factors of k?
2
Let b = -59 - -118. Let k = -31 + b. What are the prime factors of k?
2, 7
Suppose 5*h + b = 129, -4*b + 31 = h - 9*b. Let t = h - 15. Suppose -y + m = -t, -9 - 4 = -3*y - 2*m. What are the prime factors of y?
7
Let n(c) = c**3 - 5*c**2 + 2*c - 4. Let l be n(5). Suppose 0 = l*x - x. Suppose 5*w = 4*d - 5*d + 3, x = 3*d - 5*w - 9. List the prime factors of d.
3
What are the prime factors of (-3)/(18/(-284)) - (-10)/(-30)?
47
List the prime factors of 0 + (380/4 - -1).
2, 3
Let w be (-14)/(-3)*3 - -2. Suppose -2*g + w + 14 = 0. List the prime factors of g.
3, 5
Suppose 0 = y - 3*j - 40, 4*y - y = -4*j + 68. List the prime factors of y.
2, 7
Let h = -3 + 32. Let m = 48 - h. List the prime factors of m.
19
Let b(d) = -d**2 + 6*d. Let z be b(6). Suppose 32 = q - 4*m, z*q - m + 77 = 4*q. List the prime factors of q.
2, 5
Let m(y) = -y - 1. Let o be m(-4). Let s be (-2)/3 - 8/(-3). Suppose 5*f = -4*x + 65, o*x - 55 = -3*f - s*f. What are the prime factors of x?
2, 5
Let l(z) = -z**2 + 2*z + 7. Let s be l(3). Suppose s*v + 74 = 2*w, -4*v - v = 2*w - 47. List the prime factors of w.
31
List the prime factors of (-2)/(2/(-27)) - -3.
2, 3, 5
Let d be ((-5)/2)/(5/(-10)). Suppose -4*p + w + 79 = -p, -d*w = -p + 45. List the prime factors of p.
5
Suppose 17*n - 318 = 16*n. What are the prime factors of n?
2, 3, 53
Suppose -3*p - 4*y + 9 = 0, -y - 12 = -4*p - 3*y. What are the prime factors of 2 - 0/(p/(-1))?
2
List the prime factors of -2 - (0 + 1) - (-207 + -1).
5, 41
Let w be (4/6)/((-2)/(-6)). Let i(u) = 8*u + 2. What are the prime factors of i(w)?
2, 3
Let i(u) = 7*u**2 - u. Let a be i(1). Suppose -k = a - 18. What are the prime factors of k?
2, 3
Let v(i) = 4*i - 2. Let p = 6 + -4. Let k = 0 + p. List the prime factors of v(k).
2, 3
What are the prime factors of (36/(-15))/(4/(-20))?
2, 3
What are the prime factors of (-145)/(-1 + 0/(2/1))?
5, 29
Let v be (-31)/(-11) + (-8)/(-44). Suppose 0 = -4*z - j + 61, 2*z - j - v*j = 44. What are the prime factors of 22/(-8)*z/(-4)?
11
Let k(a) = 4*a - 5. List the prime factors of k(11).
3, 13
Suppose 2*m + 5*g = -2*m - 68, -g = 3*m + 40. List the prime factors of (8/m)/(2/(-123)).
41
Suppose 2*u + 16 = 6*u. Suppose -m + 3*m = 3*x - 17, -3*x + u*m + 7 = 0. List the prime factors of x.
3
Let h(i) = 2*i - 19. Let t be h(0). What are the prime factors of 4 + -3 - (t - 0)?
2, 5
Let z = -54 + 111. What are the prime factors of z?
3, 19
Suppose 4 + 6 = 2*k. Suppose -16 = -3*w - 2*r, -w + 2*r = -k*w + 20. Suppose -2*l + w = 3*m - 19, -2*l + 3 = -m. What are the prime factors of m?
5
Suppose -2*q - 10 = 3*q, -q = 2*p - 46. What are the prime factors of p?
2, 3
Suppose -3*n - 3*p - 12 = 0, 4*p = -4*n + n - 14. Suppose -4*r - 17 + 1 = 0, -q = -3*r - 19. What are the prime factors of q/1 - (n + 3)?
2, 3
Let m(y) = -3*y**2 - 7*y + 9. Let n be m(-3). Let d = -3 + 2. Let j = n + d. List the prime factors of j.
2
Suppose -3*u + 330 = 111. List the prime factors of u.
73
Let y(s) = -9*s - 2 + 1 - 1 - s**2. Let r be y(-8). Suppose -r = -2*x - x. What are the prime factors of x?
2
Suppose -2*z - 16 = -5*i, 0*i = -4*z + i + 4. What are the prime factors of z?
2
Suppose 0 = 4*u + 3*c - 134, 44 + 44 = 3*u - 4*c. List the prime factors of u.
2
Suppose -4*t + 105 = t + 2*z, t - 43 = 4*z. Let q = t - 5. What are the prime factors of q?
2, 3
Suppose -r - 2*r + 24 = 0. Suppose -4*y + r*y = 64. What are the prime factors of y?
2
Suppose -n - 3 + 8 = 0. Suppose -2*x - 5*j = 12, 0*x - x + n = -3*j. Let c = 4 + x. What are the prime factors of c?
3
Let q be 1/1 + -3 + -1. List the prime factors of q/(-12) + 118/8.
3, 5
Suppose 0 = -3*l + 4*l + b - 99, 0 = -4*l - 2